{"id":1197,"date":"2022-04-27T19:35:49","date_gmt":"2022-04-27T17:35:49","guid":{"rendered":"https:\/\/vesvu.cz\/?page_id=1197"},"modified":"2022-04-27T19:37:53","modified_gmt":"2022-04-27T17:37:53","slug":"pronajem-prostor","status":"publish","type":"page","link":"https:\/\/vesvu.cz\/?page_id=1197","title":{"rendered":"Pron\u00e1jem prostor"},"content":{"rendered":"\t\t<div data-elementor-type=\"wp-page\" data-elementor-id=\"1197\" class=\"elementor elementor-1197\">\n\t\t\t\t\t\t<section class=\"elementor-section elementor-top-section elementor-element elementor-element-217aac6 elementor-section-boxed elementor-section-height-default elementor-section-height-default\" data-id=\"217aac6\" data-element_type=\"section\" data-e-type=\"section\">\n\t\t\t\t\t\t<div class=\"elementor-container elementor-column-gap-default\">\n\t\t\t\t\t<div class=\"elementor-column elementor-col-100 elementor-top-column elementor-element elementor-element-3170e77\" data-id=\"3170e77\" data-element_type=\"column\" data-e-type=\"column\">\n\t\t\t<div class=\"elementor-widget-wrap elementor-element-populated\">\n\t\t\t\t\t\t<div class=\"elementor-element elementor-element-1fe7721 elementor-widget elementor-widget-image\" data-id=\"1fe7721\" data-element_type=\"widget\" data-e-type=\"widget\" data-widget_type=\"image.default\">\n\t\t\t\t<div class=\"elementor-widget-container\">\n\t\t\t\t\t\t\t\t\t\t\t\t\t\t\t<img fetchpriority=\"high\" decoding=\"async\" width=\"900\" height=\"600\" src=\"https:\/\/vesvu.cz\/wp-content\/uploads\/2022\/04\/I77A0454.jpg\" class=\"attachment-large size-large wp-image-1089\" alt=\"\" srcset=\"https:\/\/vesvu.cz\/wp-content\/uploads\/2022\/04\/I77A0454.jpg 900w, https:\/\/vesvu.cz\/wp-content\/uploads\/2022\/04\/I77A0454-300x200.jpg 300w, https:\/\/vesvu.cz\/wp-content\/uploads\/2022\/04\/I77A0454-768x512.jpg 768w, https:\/\/vesvu.cz\/wp-content\/uploads\/2022\/04\/I77A0454-600x400.jpg 600w\" sizes=\"(max-width: 900px) 100vw, 900px\" \/>\t\t\t\t\t\t\t\t\t\t\t\t\t\t\t<\/div>\n\t\t\t\t<\/div>\n\t\t\t\t\t<\/div>\n\t\t<\/div>\n\t\t\t\t\t<\/div>\n\t\t<\/section>\n\t\t\t\t<section class=\"elementor-section elementor-top-section elementor-element elementor-element-151fece elementor-section-boxed elementor-section-height-default elementor-section-height-default\" data-id=\"151fece\" data-element_type=\"section\" data-e-type=\"section\">\n\t\t\t\t\t\t<div class=\"elementor-container elementor-column-gap-default\">\n\t\t\t\t\t<div class=\"elementor-column elementor-col-100 elementor-top-column elementor-element elementor-element-a8b6792\" data-id=\"a8b6792\" data-element_type=\"column\" data-e-type=\"column\">\n\t\t\t<div class=\"elementor-widget-wrap\">\n\t\t\t\t\t\t\t<\/div>\n\t\t<\/div>\n\t\t\t\t\t<\/div>\n\t\t<\/section>\n\t\t\t\t<\/div>\n\t\t","protected":false},"excerpt":{"rendered":"","protected":false},"author":1,"featured_media":0,"parent":0,"menu_order":0,"comment_status":"closed","ping_status":"closed","template":"","meta":{"site-sidebar-layout":"no-sidebar","site-content-layout":"page-builder","ast-site-content-layout":"default","site-content-style":"default","site-sidebar-style":"default","ast-global-header-display":"","ast-banner-title-visibility":"","ast-main-header-display":"","ast-hfb-above-header-display":"","ast-hfb-below-header-display":"","ast-hfb-mobile-header-display":"","site-post-title":"disabled","ast-breadcrumbs-content":"","ast-featured-img":"disabled","footer-sml-layout":"","ast-disable-related-posts":"","theme-transparent-header-meta":"","adv-header-id-meta":"","stick-header-meta":"","header-above-stick-meta":"","header-main-stick-meta":"","header-below-stick-meta":"","astra-migrate-meta-layouts":"default","ast-page-background-enabled":"default","ast-page-background-meta":{"desktop":{"background-color":"var(--ast-global-color-4)","background-image":"","background-repeat":"repeat","background-position":"center center","background-size":"auto","background-attachment":"scroll","background-type":"","background-media":"","overlay-type":"","overlay-color":"","overlay-opacity":"","overlay-gradient":""},"tablet":{"background-color":"","background-image":"","background-repeat":"repeat","background-position":"center center","background-size":"auto","background-attachment":"scroll","background-type":"","background-media":"","overlay-type":"","overlay-color":"","overlay-opacity":"","overlay-gradient":""},"mobile":{"background-color":"","background-image":"","background-repeat":"repeat","background-position":"center center","background-size":"auto","background-attachment":"scroll","background-type":"","background-media":"","overlay-type":"","overlay-color":"","overlay-opacity":"","overlay-gradient":""}},"ast-content-background-meta":{"desktop":{"background-color":"var(--ast-global-color-5)","background-image":"","background-repeat":"repeat","background-position":"center center","background-size":"auto","background-attachment":"scroll","background-type":"","background-media":"","overlay-type":"","overlay-color":"","overlay-opacity":"","overlay-gradient":""},"tablet":{"background-color":"var(--ast-global-color-5)","background-image":"","background-repeat":"repeat","background-position":"center center","background-size":"auto","background-attachment":"scroll","background-type":"","background-media":"","overlay-type":"","overlay-color":"","overlay-opacity":"","overlay-gradient":""},"mobile":{"background-color":"var(--ast-global-color-5)","background-image":"","background-repeat":"repeat","background-position":"center center","background-size":"auto","background-attachment":"scroll","background-type":"","background-media":"","overlay-type":"","overlay-color":"","overlay-opacity":"","overlay-gradient":""}},"footnotes":""},"class_list":["post-1197","page","type-page","status-publish","hentry"],"yoast_head":"<!-- This site is optimized with the Yoast SEO plugin v26.9 - https:\/\/yoast.com\/product\/yoast-seo-wordpress\/ -->\n<title>Pron\u00e1jem prostor - VESVU<\/title>\n<meta name=\"robots\" content=\"index, follow, max-snippet:-1, max-image-preview:large, max-video-preview:-1\" \/>\n<link rel=\"canonical\" href=\"https:\/\/vesvu.cz\/?page_id=1197\" \/>\n<meta property=\"og:locale\" content=\"cs_CZ\" \/>\n<meta property=\"og:type\" content=\"article\" \/>\n<meta property=\"og:title\" content=\"Pron\u00e1jem prostor - VESVU\" \/>\n<meta property=\"og:url\" content=\"https:\/\/vesvu.cz\/?page_id=1197\" \/>\n<meta property=\"og:site_name\" content=\"VESVU\" \/>\n<meta property=\"article:modified_time\" content=\"2022-04-27T17:37:53+00:00\" \/>\n<meta property=\"og:image\" content=\"https:\/\/vesvu.cz\/wp-content\/uploads\/2022\/04\/I77A0454.jpg\" \/>\n\t<meta property=\"og:image:width\" content=\"900\" \/>\n\t<meta property=\"og:image:height\" content=\"600\" \/>\n\t<meta property=\"og:image:type\" content=\"image\/jpeg\" \/>\n<meta name=\"twitter:card\" content=\"summary_large_image\" \/>\n<script type=\"application\/ld+json\" class=\"yoast-schema-graph\">{\"@context\":\"https:\/\/schema.org\",\"@graph\":[{\"@type\":\"WebPage\",\"@id\":\"https:\/\/vesvu.cz\/?page_id=1197\",\"url\":\"https:\/\/vesvu.cz\/?page_id=1197\",\"name\":\"Pron\u00e1jem prostor - VESVU\",\"isPartOf\":{\"@id\":\"https:\/\/vesvu.cz\/#website\"},\"primaryImageOfPage\":{\"@id\":\"https:\/\/vesvu.cz\/?page_id=1197#primaryimage\"},\"image\":{\"@id\":\"https:\/\/vesvu.cz\/?page_id=1197#primaryimage\"},\"thumbnailUrl\":\"https:\/\/vesvu.cz\/wp-content\/uploads\/2022\/04\/I77A0454.jpg\",\"datePublished\":\"2022-04-27T17:35:49+00:00\",\"dateModified\":\"2022-04-27T17:37:53+00:00\",\"breadcrumb\":{\"@id\":\"https:\/\/vesvu.cz\/?page_id=1197#breadcrumb\"},\"inLanguage\":\"cs\",\"potentialAction\":[{\"@type\":\"ReadAction\",\"target\":[\"https:\/\/vesvu.cz\/?page_id=1197\"]}]},{\"@type\":\"ImageObject\",\"inLanguage\":\"cs\",\"@id\":\"https:\/\/vesvu.cz\/?page_id=1197#primaryimage\",\"url\":\"https:\/\/vesvu.cz\/wp-content\/uploads\/2022\/04\/I77A0454.jpg\",\"contentUrl\":\"https:\/\/vesvu.cz\/wp-content\/uploads\/2022\/04\/I77A0454.jpg\",\"width\":900,\"height\":600},{\"@type\":\"BreadcrumbList\",\"@id\":\"https:\/\/vesvu.cz\/?page_id=1197#breadcrumb\",\"itemListElement\":[{\"@type\":\"ListItem\",\"position\":1,\"name\":\"Dom\u016f\",\"item\":\"https:\/\/vesvu.cz\/\"},{\"@type\":\"ListItem\",\"position\":2,\"name\":\"Pron\u00e1jem prostor\"}]},{\"@type\":\"WebSite\",\"@id\":\"https:\/\/vesvu.cz\/#website\",\"url\":\"https:\/\/vesvu.cz\/\",\"name\":\"VESVU\",\"description\":\"Dal\u0161\u00ed web pou\u017e\u00edvaj\u00edc\u00ed WordPress\",\"publisher\":{\"@id\":\"https:\/\/vesvu.cz\/#organization\"},\"potentialAction\":[{\"@type\":\"SearchAction\",\"target\":{\"@type\":\"EntryPoint\",\"urlTemplate\":\"https:\/\/vesvu.cz\/?s={search_term_string}\"},\"query-input\":{\"@type\":\"PropertyValueSpecification\",\"valueRequired\":true,\"valueName\":\"search_term_string\"}}],\"inLanguage\":\"cs\"},{\"@type\":\"Organization\",\"@id\":\"https:\/\/vesvu.cz\/#organization\",\"name\":\"VESVU\",\"url\":\"https:\/\/vesvu.cz\/\",\"logo\":{\"@type\":\"ImageObject\",\"inLanguage\":\"cs\",\"@id\":\"https:\/\/vesvu.cz\/#\/schema\/logo\/image\/\",\"url\":\"https:\/\/vesvu.cz\/wp-content\/uploads\/2022\/03\/vesvu-logo-cerne.png\",\"contentUrl\":\"https:\/\/vesvu.cz\/wp-content\/uploads\/2022\/03\/vesvu-logo-cerne.png\",\"width\":2274,\"height\":1758,\"caption\":\"VESVU\"},\"image\":{\"@id\":\"https:\/\/vesvu.cz\/#\/schema\/logo\/image\/\"}}]}<\/script>\n<!-- \/ Yoast SEO plugin. -->","yoast_head_json":{"title":"Pron\u00e1jem prostor - VESVU","robots":{"index":"index","follow":"follow","max-snippet":"max-snippet:-1","max-image-preview":"max-image-preview:large","max-video-preview":"max-video-preview:-1"},"canonical":"https:\/\/vesvu.cz\/?page_id=1197","og_locale":"cs_CZ","og_type":"article","og_title":"Pron\u00e1jem prostor - VESVU","og_url":"https:\/\/vesvu.cz\/?page_id=1197","og_site_name":"VESVU","article_modified_time":"2022-04-27T17:37:53+00:00","og_image":[{"width":900,"height":600,"url":"https:\/\/vesvu.cz\/wp-content\/uploads\/2022\/04\/I77A0454.jpg","type":"image\/jpeg"}],"twitter_card":"summary_large_image","schema":{"@context":"https:\/\/schema.org","@graph":[{"@type":"WebPage","@id":"https:\/\/vesvu.cz\/?page_id=1197","url":"https:\/\/vesvu.cz\/?page_id=1197","name":"Pron\u00e1jem prostor - VESVU","isPartOf":{"@id":"https:\/\/vesvu.cz\/#website"},"primaryImageOfPage":{"@id":"https:\/\/vesvu.cz\/?page_id=1197#primaryimage"},"image":{"@id":"https:\/\/vesvu.cz\/?page_id=1197#primaryimage"},"thumbnailUrl":"https:\/\/vesvu.cz\/wp-content\/uploads\/2022\/04\/I77A0454.jpg","datePublished":"2022-04-27T17:35:49+00:00","dateModified":"2022-04-27T17:37:53+00:00","breadcrumb":{"@id":"https:\/\/vesvu.cz\/?page_id=1197#breadcrumb"},"inLanguage":"cs","potentialAction":[{"@type":"ReadAction","target":["https:\/\/vesvu.cz\/?page_id=1197"]}]},{"@type":"ImageObject","inLanguage":"cs","@id":"https:\/\/vesvu.cz\/?page_id=1197#primaryimage","url":"https:\/\/vesvu.cz\/wp-content\/uploads\/2022\/04\/I77A0454.jpg","contentUrl":"https:\/\/vesvu.cz\/wp-content\/uploads\/2022\/04\/I77A0454.jpg","width":900,"height":600},{"@type":"BreadcrumbList","@id":"https:\/\/vesvu.cz\/?page_id=1197#breadcrumb","itemListElement":[{"@type":"ListItem","position":1,"name":"Dom\u016f","item":"https:\/\/vesvu.cz\/"},{"@type":"ListItem","position":2,"name":"Pron\u00e1jem prostor"}]},{"@type":"WebSite","@id":"https:\/\/vesvu.cz\/#website","url":"https:\/\/vesvu.cz\/","name":"VESVU","description":"Dal\u0161\u00ed web pou\u017e\u00edvaj\u00edc\u00ed WordPress","publisher":{"@id":"https:\/\/vesvu.cz\/#organization"},"potentialAction":[{"@type":"SearchAction","target":{"@type":"EntryPoint","urlTemplate":"https:\/\/vesvu.cz\/?s={search_term_string}"},"query-input":{"@type":"PropertyValueSpecification","valueRequired":true,"valueName":"search_term_string"}}],"inLanguage":"cs"},{"@type":"Organization","@id":"https:\/\/vesvu.cz\/#organization","name":"VESVU","url":"https:\/\/vesvu.cz\/","logo":{"@type":"ImageObject","inLanguage":"cs","@id":"https:\/\/vesvu.cz\/#\/schema\/logo\/image\/","url":"https:\/\/vesvu.cz\/wp-content\/uploads\/2022\/03\/vesvu-logo-cerne.png","contentUrl":"https:\/\/vesvu.cz\/wp-content\/uploads\/2022\/03\/vesvu-logo-cerne.png","width":2274,"height":1758,"caption":"VESVU"},"image":{"@id":"https:\/\/vesvu.cz\/#\/schema\/logo\/image\/"}}]}},"_links":{"self":[{"href":"https:\/\/vesvu.cz\/index.php?rest_route=\/wp\/v2\/pages\/1197","targetHints":{"allow":["GET"]}}],"collection":[{"href":"https:\/\/vesvu.cz\/index.php?rest_route=\/wp\/v2\/pages"}],"about":[{"href":"https:\/\/vesvu.cz\/index.php?rest_route=\/wp\/v2\/types\/page"}],"author":[{"embeddable":true,"href":"https:\/\/vesvu.cz\/index.php?rest_route=\/wp\/v2\/users\/1"}],"replies":[{"embeddable":true,"href":"https:\/\/vesvu.cz\/index.php?rest_route=%2Fwp%2Fv2%2Fcomments&post=1197"}],"version-history":[{"count":4,"href":"https:\/\/vesvu.cz\/index.php?rest_route=\/wp\/v2\/pages\/1197\/revisions"}],"predecessor-version":[{"id":1201,"href":"https:\/\/vesvu.cz\/index.php?rest_route=\/wp\/v2\/pages\/1197\/revisions\/1201"}],"wp:attachment":[{"href":"https:\/\/vesvu.cz\/index.php?rest_route=%2Fwp%2Fv2%2Fmedia&parent=1197"}],"curies":[{"name":"wp","href":"https:\/\/api.w.org\/{rel}","templated":true}]}}